s the tens digit of l?
0
Suppose 13*z = 8*z - 5*s + 116225, 4*s - 185960 = -8*z. What is the hundreds digit of z?
2
Let y be 2/(-4) - (-3)/2. Let n be (-204)/72 + (-2)/12. What is the units digit of (y + 0)/(n/(-219))?
3
Let n(b) = -2*b**2 - 31*b + 54. Let o be n(-17). Suppose g + 5*i - 477 = -3*g, 5*g + o*i - 580 = 0. What is the hundreds digit of g?
1
Let s(m) = 992*m**2 + 460*m - 2725. What is the tens digit of s(6)?
4
Suppose -5*k - 4*c + 26606 = 0, -9660 = -2*k + 3*c + 987. What is the thousands digit of k?
5
Let y be ((-2)/2 - 27)*-1. Let k = -465 + 469. What is the tens digit of 46*(k - y/8)?
2
What is the tens digit of 118305/20 - (-1 - 5/(-20))?
1
Let m(n) = n**2 + 10*n - 7. Suppose -2*v - 38 = 5*t - 3*t, 4*t = 5*v - 40. Let w = 21 + t. What is the units digit of m(w)?
9
Let j(f) = 42 + 8*f - 7*f + 9*f - 1 - 4. Suppose 2*d + 2 = 36. What is the tens digit of j(d)?
0
Let d(v) = 226*v**2 - 8*v - 13. Let l be d(-2). Let b = l + 127. What is the thousands digit of b?
1
Let o(m) = 155*m**2 + 2*m - 2. Let r be o(1). Suppose g = 3*c + r, 0*c - 5*c = -2*g + 313. What is the units digit of g?
4
Let r(i) = -i**2 - 21*i + 2. Let s be r(-21). Suppose 2*b - s = 2. What is the units digit of b?
2
Suppose -172 - 75 = -19*o. What is the units digit of o/(-52) + (-2451)/(-12)?
4
Let s(i) = 2*i**2 + 10*i + 11. Let l be s(-3). Let w be (42/(-63))/(1*l/(-3)). What is the tens digit of (-8762)/(-91) + 12/7 + w?
9
Suppose 5*k = -2*m + m + 511, -2*m - 4*k + 1016 = 0. Suppose -418 - m = 4*x. Let i = -135 - x. What is the units digit of i?
6
Suppose 35*r - 31*r = 4*i - 740, 3*i + 4*r = 583. Let k = -173 + i. What is the units digit of k?
6
Let s be (-13680)/(-312) - (-3)/((-78)/(-4)). Suppose -m + 222 + s = 0. What is the tens digit of m?
6
What is the units digit of -3 + 5/(5/(-21))*(-46046)/39?
1
Let p(v) = -1190*v - 8. Suppose 5*s + 3*u + 5 = 0, 3*s - s + 2 = -5*u. What is the hundreds digit of p(s)?
1
Suppose 3*i - 17*i + 0*i = 0. Let s(u) = -u**2 - 2*u + 1144. Let k be s(i). Suppose 10*m - k = 2*m. What is the tens digit of m?
4
Suppose 6*d - 103460 = 55762. Suppose -25627 - d = -63*n. What is the units digit of n?
8
Let b = -4 + 160. Suppose -3*w + 621 = 3*d, 5*w = d - 81 - b. What is the hundreds digit of d?
2
Suppose 0 = 3*v - 5*h - 127351, 5*v + 3*h + 0*h - 212331 = 0. What is the hundreds digit of v?
4
Suppose 2*f + 0*m = 4*m + 100, 4*f + 2*m - 200 = 0. Let s = -20 + -11. Let b = f + s. What is the units digit of b?
9
Let v(s) = -s**2 - s + 1. Let t(n) = -19*n**2 + 7*n + 2. Let b(l) = -t(l) - 2*v(l). Let o(c) = c - 13. Let g be o(11). What is the units digit of b(g)?
0
Let s(g) = 251*g**2 - 63*g - 9. What is the thousands digit of s(-7)?
2
Let x = -30 - -28. Let o be x/3 + (-16)/(-6). Suppose o*h = 4*h - 148. What is the units digit of h?
4
Suppose 118*v + 203495 = 1542795. What is the ten thousands digit of v?
1
Let q(h) = h**3 + 2*h**2 - 10*h + 1713. Let a be q(0). Suppose 37*l - a = 49199. What is the thousands digit of l?
1
Suppose -57*d + 23595 = -42*d. Suppose -3174 = 31*r - 33*r - 5*y, r = y + d. What is the units digit of r?
7
Let n = 86 - 81. Suppose 10 = -n*z, 4*r - z + 3*z = 12. Suppose 62 = 5*g - r*g. What is the units digit of g?
2
Let o be 686 + 4/3*-6. Let y = 1730 - o. What is the thousands digit of y?
1
Let b(a) = -a**3 - 5*a**2 + 5*a - 5. Let w be b(-6). Let d(m) = -4*m**3 + m**2 + m - 2. Let y be d(w). What is the tens digit of (-345)/y - 2/8?
8
Suppose -3*s + 496 = -5*k, -3*s + 23*k + 497 = 19*k. Suppose 2*b + 2*b = 336. Let g = s - b. What is the units digit of g?
3
Let t = 52 + 17. Let n(a) = -5 + 1 + t*a - 18*a + 0. What is the tens digit of n(2)?
9
Suppose -2*c + 4*c = 0, -w + 3*c = -0*c - 13952. What is the units digit of w?
2
Let g = 496 - 485. Suppose 0 = -3*t - g + 14. What is the units digit of t?
1
Let l(q) be the second derivative of -q**5/20 + 7*q**4/12 + 11*q**3/6 - 9*q**2/2 + 29*q. Let v be l(8). Let r = v + 2. What is the tens digit of r?
1
Suppose 2*w - m = 9, 4*w + w - 4*m - 21 = 0. Suppose -2*y = 3*z - 218, -4*z - 591 = -w*y - 0*y. What is the tens digit of y?
1
Let b(k) = k**3 + 2*k**2 - 3*k - 4. Let s be b(-3). Let r be (-9)/6*(s - (-210)/9). Let v = r - -106. What is the units digit of v?
7
Let z be 0 - (-32)/(-6)*-3. Let a(n) be the third derivative of -n**6/120 + n**5/4 + 7*n**4/8 - 23*n**3/6 + 5*n**2. What is the units digit of a(z)?
7
Let w(o) = -148*o + 142. What is the units digit of w(-5)?
2
Suppose 9024 = 2*n - 3*f - f, -3*f + 13500 = 3*n. Let a = n + -2519. What is the hundreds digit of a?
9
Suppose 12*m + 272 = 4*m. Suppose -3*l - 2*i - 37 = 0, -l + i + 1 = 5*i. What is the tens digit of l - -19 - (-1 + m)?
3
Let a(j) be the first derivative of -j**2/2 - j - 21. Let f be a(-8). Let d(n) = n**3 - 5*n**2 + n - 3. What is the hundreds digit of d(f)?
1
Suppose -5*l + 8933 = -777*p + 780*p, 4*l + 11932 = 4*p. What is the tens digit of p?
8
Let n(w) = -w**2 + 2*w + 3710. Let h be n(0). Suppose h + 1082 = 4*m. What is the tens digit of m?
9
Let h be 182/6 + (-12)/36. Let k be (-156)/10 - (-1 - (-42)/h). What is the tens digit of 133 - k/4 - 0?
3
Let m(w) = 3*w**2 - 8*w - 81. Let j = 232 + -218. What is the units digit of m(j)?
5
Suppose -34*f - 10*f = 28*f - 1324872. What is the ten thousands digit of f?
1
Let o(a) = -613*a - 48. Let d be o(-6). Suppose -22*v = -16*v - d. What is the units digit of v?
5
Suppose -30*m + 876 = -26*m. Let b(d) = 11*d - d - m + 210. What is the tens digit of b(18)?
7
Suppose 16*o = 20*o - 36. Let m be (50/(-15))/(-3 - (-21)/o). Suppose -a + 21 = 2*p + 3*p, -m*a = -3*p + 7. What is the units digit of a?
1
Let w be -2 - 0 - 204/(-2). Suppose w + 119 = -3*x. What is the units digit of -1*(1 + 0)*x?
3
Suppose -4*n + 12 = 0, -5*a - n - 3*n = -172. Suppose -a = 3*c + 2*u, c - 20 = 5*c - 3*u. What is the units digit of 1 + 204/c*-2?
2
What is the hundreds digit of (-451836)/(-135) - 6/(-90)?
3
Let t(z) = -z**2 - 27*z + 70. Let o be t(-31). What is the hundreds digit of ((-27)/2)/(3/o)?
2
Let j(g) = 1673*g + 2286. What is the ten thousands digit of j(11)?
2
What is the units digit of 2 - (-18188)/6 - ((-70)/15 + 4)?
4
Suppose 0 = -65*q + 69*q - 8. Suppose -2*j - 436 = q*j + 4*t, j + 105 = 3*t. What is the tens digit of 1/(2/(-8)) - j?
0
Suppose 6*z - 20 + 14 = 0. Suppose 3*u - 19 + z = 0. What is the units digit of (-594)/12*(-4)/u?
3
Let f(c) = 7 + 31 - 12 + 58 + 42*c. What is the tens digit of f(14)?
7
Let d(z) = z**3 + z**2 + 3*z - 1. Let u(r) = -3*r**2 + 2*r + 2. Let g(m) = -6*d(m) + u(m). What is the hundreds digit of g(-5)?
6
Let g(a) = 20*a**2 - 143*a + 19. Let b be g(7). Let i = 1 + 0. What is the units digit of 52 - ((-12)/(b*2))/i?
9
Let r be (29/87)/(3/(-63)). What is the hundreds digit of (-2110)/(-30)*(-21)/r?
2
Let l be ((-7 - -12) + -4)*73. Suppose -79*r = -l*r - 1746. What is the tens digit of r?
9
Let m(s) be the second derivative of s**4/12 + 8*s**3 + 9*s**2 + 7*s. Let z(t) be the first derivative of m(t). What is the units digit of z(17)?
2
Let i(y) be the third derivative of 11*y**4/8 - 145*y**3/6 + 2*y**2 - 3*y. What is the tens digit of i(19)?
8
Let x = 49442 + -12389. What is the hundreds digit of x?
0
Suppose -y + 1 + 1 = 0. Suppose 2*h - r = 193 - 186, -5*r - 5 = 0. What is the units digit of (-1)/(h/(-333)) + y?
3
Let t be 4/(-4)*(-6 + 1)/1. Suppose s - 5 = 0, t*k + 4*s + 0*s - 120 = 0. Let h = k - -123. What is the hundreds digit of h?
1
Let w be 6/(-21) + -3 + (-1014)/(-21). What is the hundreds digit of (w/(-4) - -10)/((-2)/752)?
4
Let f(j) = -j**3 + 14*j**2 - j - 4. Suppose 154 = 7*d + 15*d. What is the hundreds digit of f(d)?
3
Let l(d) be the second derivative of 15*d - 1/12*d**4 - 7*d**2 + 0 + 10/3*d**3. What is the units digit of l(14)?
0
Suppose -4*b + 6*b - 30080 = 3*n, n = -2. What is the units digit of b?
7
Let v = 46 - 36. Let g(b) = -2*b**2 + b. Let t be g(v). Let a = t + 348. What is the tens digit of a?
5
Let d(o) = -o**3 - 40*o**2 - 875*o + 82. What is the units digit of d(-34)?
6
What is the units digit of ((-50)/(300/42))/(2/(-6602))?
7
Suppose -i - 3*o + 4*o = -7, -i + 4 = -4*o. What is the thousands digit of -6 + i + 1078 + 1?
1
Suppose 3*v - 5*q - 10 = 0, -23 = -8*v + 4*v - 3*q. Suppose b = v*m - 0*b - 6456, 3*b = 2*m - 2585. What i